nd 14.
14
What is the highest common factor of 1363 and 846?
47
Calculate the greatest common divisor of 9740 and 5806988.
1948
What is the greatest common divisor of 378 and 42609?
21
What is the highest common divisor of 108 and 3249?
9
What is the highest common factor of 13720 and 1764?
196
What is the highest common factor of 77957 and 2090?
209
What is the highest common divisor of 120094 and 1482?
26
What is the greatest common divisor of 294 and 7882?
14
What is the greatest common factor of 2490 and 36520?
830
Calculate the greatest common factor of 7267 and 3827.
43
What is the highest common factor of 116 and 13108?
116
Calculate the highest common factor of 602 and 55202.
14
Calculate the highest common factor of 32 and 359960.
8
Calculate the greatest common factor of 266429 and 471.
157
What is the highest common factor of 41100 and 16?
4
What is the highest common divisor of 21042 and 486?
18
What is the greatest common factor of 4864 and 2128?
304
Calculate the greatest common factor of 1506 and 1390540.
502
What is the greatest common divisor of 8180 and 980?
20
Calculate the greatest common divisor of 911520 and 480.
480
What is the highest common divisor of 297 and 825?
33
What is the greatest common factor of 2104 and 360?
8
What is the highest common factor of 5136 and 544?
16
What is the highest common factor of 198 and 5071?
11
Calculate the highest common factor of 2331 and 9819.
9
What is the highest common divisor of 76 and 15143?
19
What is the highest common divisor of 60 and 46?
2
What is the highest common factor of 37058 and 14?
14
What is the greatest common divisor of 36 and 248982?
6
What is the greatest common factor of 15 and 1790?
5
Calculate the highest common factor of 338 and 77233.
169
What is the highest common divisor of 221 and 249288?
221
What is the highest common divisor of 2961 and 61614?
63
What is the greatest common factor of 4 and 65452?
4
What is the highest common factor of 95274 and 6566?
134
Calculate the highest common factor of 2072 and 265993.
259
What is the greatest common divisor of 10336 and 3213?
17
Calculate the greatest common divisor of 6255 and 4185.
45
What is the highest common divisor of 59356 and 163020?
836
Calculate the highest common factor of 400 and 63225.
25
What is the greatest common factor of 266 and 3535406?
266
What is the greatest common factor of 50350 and 800?
50
Calculate the greatest common divisor of 45 and 619155.
45
Calculate the highest common divisor of 100025 and 1725.
25
What is the greatest common factor of 4 and 3673784?
4
What is the greatest common factor of 1169667 and 27?
27
Calculate the greatest common factor of 106146 and 162.
18
Calculate the highest common factor of 2050649 and 89.
89
Calculate the greatest common divisor of 14265 and 25.
5
What is the greatest common factor of 77 and 32659?
11
What is the highest common divisor of 88 and 143?
11
Calculate the highest common factor of 157 and 8791843.
157
What is the greatest common divisor of 987874 and 2?
2
What is the highest common factor of 7000 and 71680?
280
What is the greatest common divisor of 365 and 21754?
73
Calculate the greatest common divisor of 220 and 50116.
44
Calculate the highest common factor of 395 and 609485.
395
Calculate the highest common factor of 1534 and 13511.
59
What is the highest common divisor of 117712 and 3374?
14
Calculate the highest common factor of 22392 and 18971.
311
Calculate the highest common factor of 3610 and 220.
10
Calculate the greatest common factor of 108 and 29349.
27
Calculate the greatest common factor of 304 and 2318.
38
Calculate the greatest common divisor of 110 and 1184810.
110
Calculate the highest common factor of 233660 and 68429.
1669
What is the greatest common factor of 756 and 12208?
28
What is the highest common factor of 692784 and 84?
12
Calculate the highest common divisor of 2879 and 2.
1
Calculate the greatest common factor of 496 and 1706488.
248
Calculate the greatest common factor of 4237 and 57.
19
What is the highest common factor of 55367 and 13?
13
Calculate the greatest common factor of 456346 and 22.
22
Calculate the highest common divisor of 925 and 9565425.
925
What is the highest common divisor of 1515 and 104235?
15
Calculate the greatest common divisor of 1830 and 39162.
366
What is the highest common factor of 1771 and 7667?
11
Calculate the highest common divisor of 159232 and 2048.
512
What is the highest common divisor of 35539 and 14?
7
What is the highest common divisor of 7945 and 1120?
35
Calculate the highest common divisor of 1187848 and 592.
296
Calculate the greatest common factor of 108634 and 232.
58
What is the greatest common factor of 6 and 46902?
6
What is the greatest common factor of 77 and 55734?
7
What is the greatest common divisor of 71876 and 22372?
476
Calculate the greatest common divisor of 338 and 13104.
26
Calculate the greatest common divisor of 1000525 and 310.
155
Calculate the greatest common divisor of 910 and 36820.
70
Calculate the highest common divisor of 735405 and 60.
15
Calculate the greatest common divisor of 1058916 and 1185.
237
Calculate the highest common factor of 2311385 and 303.
101
What is the greatest common factor of 2 and 22691?
1
Calculate the greatest common factor of 7490 and 84530.
1070
What is the highest common factor of 1044 and 56956?
116
Calculate the highest common divisor of 92132 and 4588.
124
What is the highest common divisor of 21168 and 96?
48
What is the highest common divisor of 25012 and 13?
13
Calculate the highest common divisor of 1222 and 28858.
94
Calculate the greatest common divisor of 179022 and 10.
2
Calculate the highest common factor of 6 and 11391.
3
What is the greatest common factor of 15 and 1227540?
15
What is the highest common divisor of 60 and 37455?
15
What is the highest common divisor of 10590223 and 49?
49
What is the highest common factor of 4029688 and 104?
104
What is the greatest common factor of 21 and 18543?
21
What is the greatest common factor of 202 and 9545510?
202
Calculate the greatest common divisor of 720265 and 11375.
455
What is the highest common divisor of 79541 and 385?
77
Calculate the highest common factor of 118008 and 13464.
792
Calculate the greatest common factor of 67788 and 26712.
252
Calculate the greatest common factor of 1242 and 126738.
54
Calculate the greatest common factor of 198 and 73722.
66
Calculate the greatest common factor of 6350 and 1910.
10
What is the highest common factor of 35881 and 97488?
677
What is the highest common factor of 23256 and 4131?
153
Calculate the highest common divisor of 1952157 and 222.
111
What is the highest common factor of 56 and 2110416?
56
Calculate the greatest common divisor of 132 and 32076.
132
What is the greatest common divisor of 2091 and 6519?
123
What is the greatest common factor of 4164 and 44?
4
Calculate the greatest common factor of 182 and 677404.
182
Calculate the highest common divisor of 756 and 1064.
28
Calculate the highest common factor of 42 and 1825572.
42
What is the highest common factor of 5600 and 1960?
280
Calculate the greatest common divisor of 591 and 57130.
197
Calculate the greatest common divisor of 15002 and 26.
26
Calculate the greatest common divisor of 257 and 2636563.
257
What is the greatest common divisor of 372 and 6448?
124
Calculate the greatest common divisor of 87 and 126933.
87
What is the highest common divisor of 231003 and 72?
9
Calculate the highest common divisor of 30085 and 24970.
55
What is the highest common divisor of 279653 and 33?
11
Calculate the greatest common factor of 2520 and 12845.
35
Calculate the greatest common divisor of 80912 and 78.
26
What is the highest common factor of 19594 and 5959?
101
Calculate the greatest common divisor of 282 and 96538.
94
Calculate the greatest common factor of 8798 and 5194.
106
What is the greatest common factor of 425845 and 345?
115
Calculate the greatest common divisor of 74 and 68746.
74
Calculate the highest common divisor of 1396 and 2467779.
349
Calculate the greatest common divisor of 502 and 26.
2
Calculate the highest common divisor of 55753 and 3951.
439
Calculate the highest common factor of 836 and 129162.
418
Calculate